196. Let h = x - -152. Is h composite?
False
Let n(p) = 3*p**3 - 14*p**2 - 35. Let h(u) = u**3 - 5*u**2 - 12. Let t(v) = -11*h(v) + 4*n(v). Let l be t(0). Is (-42)/l*56/6 a prime number?
False
Let j be 2 + (-88)/2*-1. Let f be (j/8)/(4/32). Suppose 3*v + c - 254 = 0, -f - 40 = -v + c. Is v prime?
False
Suppose -4*r = -2*r - 10. Suppose n + 16 = r*n. Suppose 3*a - y = 389, -a - n*y = -0*y - 147. Is a composite?
False
Let d(i) = i**3 + 34*i**2 - 74*i - 21. Let y be d(-34). Is -4*y/(-15)*9/12 composite?
False
Let o(c) = 2*c + 12. Let d be o(-6). Suppose d = 6*a + 8 + 10. Is 2/a + 226/6 a composite number?
False
Let v(o) be the second derivative of -o**5/20 - 5*o**4/4 + 5*o**3/2 - o**2 - 13*o. Is v(-16) composite?
True
Suppose -5*d = -0*d - 15. Suppose d*f = g - 93, -2*g = -f + 2*g - 42. Let w = 479 + f. Is w composite?
False
Suppose 7*i = -a + 2059 + 2816, -2 = -i. Is a a prime number?
True
Let n = -153 + 98. Let p = n - -182. Let w = -8 + p. Is w prime?
False
Suppose -4*a = 5*u - 513 - 38, 5*u = 15. Is a prime?
False
Let b(i) = -i**3 + 38*i**2 + 70769. Is b(0) composite?
False
Suppose -13600 = 2*j - 85974. Is j composite?
False
Suppose -6*i + i = 0. Suppose -x - 5*v + 399 = i, 2*v - 921 = -2*x - 155. Is x prime?
True
Suppose 641 = 5*c - 3*i, -5*i - 122 - 523 = -5*c. Suppose -h + 392 + 243 = 5*a, a - 4*h = c. Is a a prime number?
True
Let f(n) = 46*n**2 + 10*n + 19. Let p be f(-9). Is (5 + -1 + p)*1 prime?
True
Suppose z = c - 5, 0 = -2*c - 5*z - 1 + 4. Suppose 3*g = i - 133, i + g - 117 = -c*g. Is i prime?
True
Let n = -121 - -230. Let u = n + -76. Let t = u - 2. Is t composite?
False
Suppose 2288*y = 2292*y - 48188. Is y prime?
False
Suppose 43*h = -636356 + 2080769. Is h composite?
True
Let g be ((-2)/(-3))/(18/135). Let s be 9/(-3) + -1 - g. Is ((-69)/s)/((-2)/(-66)) a prime number?
False
Let x(m) = 591*m - 320. Is x(17) composite?
True
Let m = -186 + 371. Is m/10 - 2/(-4) a prime number?
True
Suppose -4*c + 3*t + 1332 = -c, -3*t + 440 = c. Suppose -3*g - f = -1289, g + 0*f = 3*f + c. Is g a composite number?
False
Let d(w) = w**2 - 2*w + 571. Is d(0) a composite number?
False
Suppose -16*k + 40 = -6*k. Suppose k*n - 3198 = -2*n. Is n a prime number?
False
Let u(s) = 4*s**3 + 1. Suppose -5 = 2*g + 3*l - 1, -4*g + 6 = -l. Let y be u(g). Suppose 20 = -5*d, y*m - m + 4*d - 196 = 0. Is m prime?
True
Let d = 18817 - 13062. Is d a prime number?
False
Let v(u) = 588*u**2 + 2*u - 3. Is v(1) prime?
True
Suppose 2*h = -3*m + 1, 3*m = 4*h + 2*m - 9. Suppose -i - d + 32 = 0, -5*i + 2*d = -h*d - 196. Is (i/(-27))/(2/(-21)) a composite number?
True
Suppose -5*b = -0*b + 2*v + 55058, 3*v = 2*b + 22008. Let c(s) = 22*s - 4. Let d be c(-3). Is b/d - (-4)/(-14) composite?
False
Suppose 62 - 17 = 5*w. Let m(s) = -s**3 + 8*s**2 + 9*s - 6. Let r be m(w). Is -2 - 2*183/r a composite number?
False
Let c(v) = -v + 408. Is c(-31) prime?
True
Is 6899*(-3)/(-21)*7 prime?
True
Suppose 31*h = 537696 + 1034221. Is h a composite number?
False
Is 20363 + -3 - ((-15)/(-5) + -2) prime?
True
Let i(l) = 18*l**3 - 7*l**2 - l + 15. Is i(7) prime?
True
Suppose -5*s + 3*q + 24661 = 0, 0 = -8*q + 6*q + 6. Is s a composite number?
True
Suppose -4*w - 5*a + 2920 = -9964, -3*w - a + 9663 = 0. Is w a composite number?
False
Let a(l) = -2*l**3 - 10*l**2 - 12*l - 11. Suppose 3 = 2*x - 13. Suppose 0 = 3*p - 2*p + x. Is a(p) composite?
True
Is (-16)/(-28) - ((-45042)/14)/3 a composite number?
True
Suppose 5*n + 0*l - 70 = -2*l, -3*l = n - 27. Suppose -n*w = -9*w + 9. Let r(s) = -24*s**3 - s**2 - s + 5. Is r(w) a prime number?
True
Is (1/1)/1*(5 + 8246) a composite number?
True
Let w = 14 - -4. Let o be (-418)/w - (-20)/90. Let x = o - -78. Is x composite?
True
Suppose -4*j + 11913 + 218068 = 5*u, 0 = j + u - 57494. Is j composite?
True
Is 12893*3 + -118 + 106 a prime number?
False
Let a(k) = -k**2 - 10*k + 13. Let q be a(-11). Let r be ((-4)/6)/((-1)/3). Is (r/q)/((-8)/(-1288)) prime?
False
Let o(n) = -n**3 + 6*n**2 - 3*n + 8. Let s be o(6). Let y = s - -3. Let g(z) = -15*z + 4. Is g(y) a prime number?
True
Let x(n) = 6*n**2 - 12*n + 29. Let l be x(-13). Let s = -532 + l. Is s a prime number?
False
Let i(c) = 195*c**2 - 10*c - 1. Is i(-2) prime?
False
Let o = -9 + -1186. Let x = o + 1992. Is x composite?
False
Let c = -14 + 16. Let l = -14 - -72. Suppose -c*a + l = -a. Is a prime?
False
Let l(n) = -n + 174. Let j be l(0). Suppose j + 45 = -3*d. Let f = d - -372. Is f prime?
False
Let r be 2/3 - 174/(-9). Let k = r + 150. Suppose -7*c - k = -9*c. Is c composite?
True
Let o(x) = 84*x**3 - 3*x**2 - 15*x - 7. Is o(4) a prime number?
True
Let d(g) = -3*g**2 - 1. Let p be d(1). Let t = -4 - p. Suppose -2*z + 1345 = q, t = 4*q + 2*z - 1137 - 4219. Is q prime?
False
Let c(u) = u**2 + 23*u + 17. Let r be c(-22). Is r/(-10) - 5841/(-2) prime?
False
Let q(r) = -r + 1. Let v(t) = t**3 - 7*t**2 + 4*t + 5. Let s(j) = 6*q(j) - v(j). Let i be s(12). Is (-5)/10 + i/(-2) composite?
False
Let b = -3928 - -8649. Is b a prime number?
True
Let u(d) = -2*d - 18. Let z be u(-11). Suppose -518 = z*n - 4458. Is n a composite number?
True
Let g(s) = -4*s**3 - 13*s - 11. Let r(q) = -2*q**3 - 6*q - 5. Let h(m) = 4*g(m) - 9*r(m). Let w be h(-1). Is (-2 - -1) + (-2370)/w a composite number?
True
Let j(q) = 3*q**2 - 11*q + 48395. Is j(0) a composite number?
True
Suppose k + 4 = 2*w + 1, 0 = -2*k - 2. Let y(q) = -2 + 7 + w - 5 - 1840*q. Is y(-1) prime?
False
Suppose -b + 2 = -d + 12, 5*d = -3*b + 10. Is d*-263*4/(-20) a prime number?
True
Let d be (21/(-14))/((-2)/4). Suppose -1168 = -2*l - 0*l + d*c, 5*l = c + 2907. Is l composite?
True
Suppose 0 = 11*m - 12*m + 3. Suppose -5 + m = -w. Is 662/(8/w + -2) composite?
False
Is (-12)/(-26) - (-27551461)/2249 a prime number?
True
Suppose 21*o - 26*o = -41765. Is o a prime number?
True
Let r(u) = -3*u**2 + 4*u**2 + 8*u - 11*u + 4*u + 2. Let p be r(0). Suppose 0 = p*o - o - 4*f - 319, o - f - 328 = 0. Is o composite?
False
Suppose 8 = -2*m + 24. Let v = m + 11. Is v composite?
False
Let u(b) = 127*b - 46. Is u(3) composite?
True
Let d(j) = 3 + 6*j - 4*j**2 + 0 + 10*j**2 - 22*j. Suppose h + 26 = 39. Is d(h) composite?
False
Suppose 38*r - 36*r = 17722. Is r a prime number?
True
Suppose 3*y = -2*y - 30. Let i be (-1)/2 + 15/y. Is (i/(-2) + -2)*-298 prime?
True
Let f be ((-30)/8)/(1/4). Is ((-170)/f)/(4/282) a prime number?
False
Suppose 21*v = 20*v + 21313. Is v a composite number?
False
Let d = -13 - -8. Let h = d - -7. Is -318*h*(-1)/6 a composite number?
True
Suppose g + 6 = 3*p, -p + 0*p + 3 = 0. Suppose -g*j + 286 = 2*n - 291, 0 = 5*j - 3*n - 949. Is j a prime number?
True
Let u(c) = 79*c + 2. Let i be u(-1). Is 14/i - (-2 + 8122/(-22)) prime?
False
Let v = 8287 - 3829. Is v/4 - (-15)/30 prime?
False
Let l(z) = 34*z + 12197. Is l(0) composite?
False
Suppose 3*p = 72 + 345. Is p composite?
False
Let o(x) = -109*x - 59. Is o(-12) composite?
False
Let s = 0 + 2. Suppose 0*d = -s*d + 8. Suppose -3*w + 6 - 15 = 0, -d*w = 3*o - 159. Is o prime?
False
Let m(x) = 5*x**3 - 9*x**2 - 41*x - 66. Is m(19) prime?
False
Suppose 22*g - 17*g - 17785 = 0. Is g composite?
False
Let r(y) = y**2 - 7*y + 14. Let m be r(8). Is ((-206430)/(-66))/7 + 4/m a prime number?
False
Suppose 6*y = 4*y - 112. Let p = 177 + y. Suppose 2*g = 399 - p. Is g composite?
False
Suppose 34532 + 22603 = 15*i. Is i a prime number?
False
Suppose -3*h = -u - 2660, -7*h + 8*h = 4*u + 883. Is h a prime number?
True
Suppose 4*f = 8, -457 = -3*i + 4*f + 177. Let y = i - 452. Is 5/(-15) - y/3 a composite number?
False
Suppose 5*m - 3 = 3*w, 3*w = m + 2*m - 3. Is w + -1 + -2 - (-374 - 3) a composite number?
False
Let a(h) = 12*h**3 - 24*h**2 - 9*h + 11. Is a(14) prime?
True
Suppose -n + 3 = 1. Is (n + -2 - 503)/(-1) a prime number?
True
Let m be 0 - 3 - (-20)/1. Let s be 2710/(-85) - 2/m. Let o = -1 - s. Is o prime?
True
Suppose -121*x - 56515 = -126*x. Is x a prime number?
False
Let b(j) = -j + 8. Let k be b(6). Suppose w + 27 = k*w. Let f = 184 + w. Is f a prime number?
True
Let s(k) = 54*k - 1. Let y(n) = 269*n - 6. Let q(x) = -11*s(x) + 2*y(x). Let p = 209 + -213. Is q(p) a composite number?
False
Let q be (0 + 6)/(-3) + 346. Let u = q + -203. Is u composite?
True
Let f = -1017 + 1480. Is f a prime number?
True
Let c(q)